 w is divided by 4.
1
What is the remainder when (-3)/6 + (-3 - -2) + (-1915)/(-10) is divided by 165?
25
Let u be (419/(-5))/(-1) + (-2)/(-10). Suppose 8*g + u = 12*g. Suppose 10*w - g*w + 528 = 0. Calculate the remainder when w is divided by 10.
8
Suppose -3*o = -3*s + o + 3, -2*s + 19 = 3*o. Let w be (-2)/5 - (-32)/s. Suppose -343 = w*d - 1165. What is the remainder when d is divided by 35?
32
Suppose -915 = 2*i + 3*o - 1157, -5*o = 4*i - 474. Let v = 107 - 52. Calculate the remainder when i is divided by v.
51
Let s = -3739 - -3777. Let u = -4 + 9. Suppose -u*c + 122 = -238. What is the remainder when c is divided by s?
34
Suppose 76 = -14*u - 120. Let g(i) = -i**3 - 12*i**2 + 10*i + 16. What is the remainder when g(u) is divided by 45?
43
Let s(n) = -n - 12. Let u(l) = l**3 - 43*l**2 - 44*l - 16. Let x be u(44). Calculate the remainder when s(x) is divided by 3.
1
Let z = -277 - -290. Suppose -10 = -4*s + 5*r + 36, 0 = -s + 2*r + 13. What is the remainder when z is divided by (6/s)/((-2)/(-12))?
1
Let f(o) = o**3 - 10*o**2 - 5*o + 26. Let v(l) = l**2 - 1. Let d(k) = -f(k) + 6*v(k). Calculate the remainder when d(15) is divided by 27.
25
Let t be (9/6 - 1)/((-5)/60). Let a(u) = -u**2 - 22*u - 87. What is the remainder when 51 is divided by a(t)?
6
Suppose -5286*z + 5311*z - 1725 = 0. What is the remainder when z is divided by 42?
27
Let g = -6 - -15. Let d(o) = -g + 7 + 1 - 3*o**2 + o + 4*o**2. Calculate the remainder when d(-5) is divided by 6.
1
Let f(y) = -y**3 + 16*y**2 - 42*y - 59. What is the remainder when 9773 is divided by f(12)?
10
Let j(d) = -162*d + 1846. What is the remainder when 3645 is divided by j(11)?
61
Let k = -6298 + 6392. Calculate the remainder when 1028 is divided by k.
88
Let r be (154/(-56))/((-3)/12). Let k(h) = 18*h - 32. Let g = 59 + -17. What is the remainder when k(r) is divided by g?
40
Suppose 5*b = 2*h - 37, -2*h - 10*b + 6*b + 28 = 0. What is the remainder when h/2 - 570/(-10) is divided by 23?
19
Let a = -11 + 27. Calculate the remainder when (-1)/(15/a + -1) is divided by 4.
0
Let b be ((-3)/(-6))/((-3)/(-78) - 0). Calculate the remainder when 194 is divided by (b + 134)*((-6)/9)/(-2).
47
Let q(c) = 198*c**3 + 2*c**2 + 19*c - 21. Calculate the remainder when 662 is divided by q(1).
68
Let h = 115 - 62. Suppose 583*v - 31765 + 4364 = 0. Calculate the remainder when h is divided by v.
6
Suppose 8*k = -117 + 29. Calculate the remainder when 103 is divided by 21 + k - 6/(-2).
12
Suppose 0 = -a - 3, 4*a + 6 = -r. Suppose -r*w = -w - 85. Suppose -5*l - 5*t = -250, -7*t + 2*t = -20. What is the remainder when l is divided by w?
12
Suppose 552 = 27*q + 174. Calculate the remainder when 2826 is divided by q.
12
Suppose 5*l + 34584 = 3*b, -117*b - 2*l = -118*b + 11529. Calculate the remainder when b is divided by 86.
85
Let l(p) = -2*p**3 - 4*p**2 - 3. Let b be l(2). Suppose 2*t - 28 = -2*t. Calculate the remainder when (-1 - b/5) + 6 is divided by t.
5
Suppose 2*x = 3*w - 264, 4*w - 18*x - 362 = -17*x. Calculate the remainder when 919 is divided by w.
91
Suppose -290 = -5*g - 5*m, -3*g - 6*m + 8*m + 174 = 0. Let z = -311 + 537. Calculate the remainder when z is divided by g.
52
Let r = 1994 + -1878. What is the remainder when r is divided by 106?
10
Suppose 0 = -t + 42 - 12. Let u(q) = 4*q**2 - 31*q + 62. Calculate the remainder when t is divided by u(3).
0
Let w = 370 - 243. Calculate the remainder when w is divided by 8 + (-4)/6 + (-6)/(-9).
7
Let w = 1124 + -772. Suppose -6*f - w = -28*f. What is the remainder when 220 is divided by f?
12
Suppose -5*h + 11 + 9 = 0. Let y be (-158)/(-4) + 13/26. Suppose -v = -17*z + 12*z - 27, -2*v = -3*z - y. What is the remainder when v is divided by h?
1
Let o = 751 - 634. Calculate the remainder when 2688 is divided by o.
114
Let y(o) = -4*o**3 - 69*o**2 - 21*o - 24. What is the remainder when 50 is divided by y(-17)?
6
Suppose -i - 4*x = -52, x - 335 = 348 - 673. Suppose -4*r - 1 = -17. Calculate the remainder when i is divided by r.
0
Let p(s) = -7*s - 8. Let v be p(-4). Suppose -25*a + 510 = -v*a. What is the remainder when a is divided by 19?
7
Let u = -13070 + 13461. Calculate the remainder when u is divided by 131.
129
Suppose -187044 = 13*u - 91*u. What is the remainder when u is divided by 8?
6
Let a = 80 + -84. Let l be (70/6 + a/6)/(-1). What is the remainder when (l/(-4))/((-12)/(-624)) is divided by 24?
23
Let c(v) = v**3 - 12*v**2 + 22*v - 32. Let k be c(15). Let g = k - 961. Let w = 40 + 5. What is the remainder when w is divided by g?
9
Suppose -3*t + 1 = -k, -t - 5*k = -4*t - 7. Suppose i = -3*i - 24. What is the remainder when (-10)/((-20)/i) + 4 is divided by t?
0
Let p = 63 - 7. What is the remainder when -1 - -88 - ((-1)/(-13) - (-4770)/689) is divided by p?
24
Let p = -756 - -955. Calculate the remainder when p is divided by 139.
60
Let t be ((-16)/(-10))/((9 - 11)/(-30)). Suppose t*r - 2125 = 491. What is the remainder when r is divided by 38?
33
Let a be ((-1678)/(-6) - 0)*3. Let s = 20603 + -20598. Suppose -a = -s*o + 306. Calculate the remainder when o is divided by 29.
26
Let z be -3 - (0 - 41) - -2. Let v = z - 28. What is the remainder when 65 is divided by v?
5
Let b = -4448 - -4500. Calculate the remainder when 87 is divided by b.
35
Let s(j) = 14*j + 90. Let b be s(-13). Calculate the remainder when (57/(-38))/(((-1)/(-1))/b) is divided by 21.
12
Suppose 7 = -t, -2*a + 36*t + 6 = 40*t. What is the remainder when 3987 is divided by a?
9
Let c(k) = k**2 + 13*k - 688. Let z(j) = j**2 - 7*j - 6. Calculate the remainder when z(-4) is divided by c(21).
12
Let i be (2/(-12))/(8/(-16))*6. Suppose -k = i*d - 36, -11 + 83 = 4*d - 5*k. Calculate the remainder when (-2)/8 + 250/8 is divided by d.
13
Let m = 1331 + -888. Calculate the remainder when m is divided by 95.
63
Let p(o) = -20*o - 1. What is the remainder when (-27094)/1380*(3 + -33) is divided by p(-3)?
58
Suppose 29*x - 45*x = -560. Calculate the remainder when 349 is divided by (x/1)/1*(52 + -51).
34
Let t be (-276)/(-15) - 4/10. Calculate the remainder when 12*(-5 - (-96)/t) is divided by 4.
0
Let t be (23 - 0) + -1 + 3. Let h = t + 1. Suppose -2*w + 4*z + h = 0, 3*w - z = -3*z + 71. What is the remainder when 40 is divided by w?
19
Suppose 367*g + 139809 = 454*g. Calculate the remainder when g is divided by 231.
221
Let j(q) = q + 16. Suppose -34 + 214 = -6*r. What is the remainder when (12/r)/(2/(-160)) is divided by j(-8)?
0
Let j = 192 + -214. What is the remainder when 124 is divided by -1*15/10*j?
25
Suppose -y - y = -54. Let u(v) = v**3 + 67*v**2 - 87*v - 1281. Calculate the remainder when y is divided by u(-68).
5
Let v(g) = 4*g - 8*g - g**2 + 4 - 8*g. What is the remainder when 549/(-18)*(-2)/((-3)/24*-4) is divided by v(-9)?
29
Let o be (20 - 24)*(-1)/2 + -4. What is the remainder when 71 is divided by -36*1*o/9?
7
Let w(l) = 3*l**2 + 15*l + 36. Calculate the remainder when 425 is divided by w(-4).
17
Let m(l) = -l + 11. Let n = -7 - -9. Let p be 20/15*-1*6/n. Calculate the remainder when m(p) is divided by 3.
0
Suppose -225 = 9*t - 864. Let u = 89 - 67. Calculate the remainder when t is divided by u.
5
Suppose -82*m + 819 = 211 - 704. Suppose 1 = 2*s - 7. Suppose -s*g = -n - 2*n - 252, g = -2*n + 63. Calculate the remainder when g is divided by m.
15
Let n = 377 + -317. What is the remainder when n is divided by (52/20)/((-6)/15)*-2?
8
Let f(l) = l**3 + 8*l**2 + 9*l - 4. Let q = -2255 + 2277. What is the remainder when q is divided by f(-6)?
8
Let y be (0 + 237/(-6))*-2. Suppose -5*r + 5*x + 46 = -y, 4*r = -x + 75. Let l = -22 - -78. What is the remainder when l is divided by r?
16
Suppose 0 = 27*m - 1327 - 455. What is the remainder when 246 is divided by m?
48
Let w(j) = -99*j**3 - 2*j**2 - 5*j - 4. Let g be w(-1). Calculate the remainder when 194 is divided by (3 + -4)*g/(-2).
47
Suppose 0 = 6*d + 2*d - 928. Let q be (d - 1)*(-4 + 5/1). Suppose 7*z = 179 + q. What is the remainder when 82 is divided by z?
40
Let j(g) = -2*g - 1. Let o be j(-2). Suppose 4*d + 50 = 3*a, -d - a - o*a = 22. Calculate the remainder when 97 is divided by (-1)/2 + (-161)/d.
9
Suppose 0 = -v + x - 263 + 72, -372 = 2*v - 4*x. Let a = -64 - v. Calculate the remainder when a is divided by (3648/36)/(